 3*i + 9. Give j(-14).
-33
Let l(s) = 4*s + 12. Give l(-5).
-8
Let b(u) = u**2 - 11*u - 28. Determine b(12).
-16
Let n(t) = t**3 + t**2 + t - 16. Calculate n(0).
-16
Let m(x) = x**3 + 29*x**2 + 52*x - 35. What is m(-27)?
19
Let g(z) = -10*z + 9. What is g(1)?
-1
Let m(f) = -f**2 + 18*f - 60. Give m(11).
17
Let s(b) = 4*b**3 - 2*b**2 - 3*b. Determine s(3).
81
Let b(j) = j**2 - 9*j - 9. Determine b(8).
-17
Let s(u) = u**2 + 22*u + 15. Calculate s(-6).
-81
Let u(i) = i**2 + 8*i - 5. Give u(-8).
-5
Let o(j) = 2*j**3 + 24*j**2 - j - 12. What is o(-12)?
0
Let c(d) = -4*d + 1. What is c(-2)?
9
Let m(i) = -6*i + 63. What is m(9)?
9
Let a(h) = -8*h**3 + 6*h**2 + 7*h + 2. Calculate a(-1).
9
Let s(j) = j**3 + 8*j**2 + 7*j - 5. Give s(-7).
-5
Let w(j) = -11*j + 48. Calculate w(4).
4
Let j(a) = a**3 + 11*a**2 - 15*a - 22. Calculate j(-12).
14
Let x(s) = 3*s**3 + 33*s**2 + s + 2. Give x(-11).
-9
Let d(o) = 2*o. What is d(9)?
18
Let l(i) = -i**2 - 3*i + 12. What is l(-7)?
-16
Let j(h) = -34*h - 105. Calculate j(-3).
-3
Let v(r) = -6*r**2 + 3*r - 2. Give v(2).
-20
Let y(t) = 2*t**3 + 82*t**2 + 3*t + 125. Give y(-41).
2
Let m(v) = 2*v**2 - 7*v - 8. Give m(5).
7
Let d(m) = -m**3 + 4*m**2 + 5*m + 7. Give d(5).
7
Let g(y) = 3*y**3 - 15*y**2 + 4*y - 7. Calculate g(6).
125
Let d(m) = m**2 - m - 2. Determine d(-2).
4
Let g(m) = m**3 - 11*m**2 + 19*m. Calculate g(9).
9
Let k(r) = -r**3 - 15*r**2 - 3*r - 32. Give k(-15).
13
Let v(a) = -33*a + 56. What is v(3)?
-43
Let b(j) = j**2 - 6*j - 35. What is b(-3)?
-8
Let z(y) = -y**2 + 9*y + 1. What is z(7)?
15
Let u(z) = -5*z + 2. Determine u(4).
-18
Let j(b) = b**2 - 3*b - 10. Determine j(-5).
30
Let l(h) = 3*h**2 - 3*h. Calculate l(3).
18
Let v(d) = 5*d**2 - 33*d - 19. Determine v(6).
-37
Let j(a) = a + 32. Give j(0).
32
Let k(x) = -4*x + 13. Give k(4).
-3
Let k(m) = 2*m - 5. Calculate k(-3).
-11
Let j(r) = -r**2 - 6*r - 1. Calculate j(-5).
4
Let l(n) = 28*n + 100. Determine l(-4).
-12
Let d(j) = 8*j - 166. Calculate d(21).
2
Let x(b) = b**3 + 2*b**2 - 49*b. What is x(6)?
-6
Let t(s) = -s**3 - 21*s**2 + 20*s. What is t(-22)?
44
Let m(g) = 155*g - 626. Give m(4).
-6
Let v(q) = -q**2 - 6*q - 7. Give v(-6).
-7
Let a(s) = -4*s**3 + 3*s**2 - 2. What is a(-1)?
5
Let s(d) = d**3 + 11*d**2 + 9*d + 1. Determine s(-10).
11
Let f(q) = 6*q**2 - 2*q + 1. Calculate f(-2).
29
Let r(i) = -i**3 + 6*i**2 - i + 2. Calculate r(6).
-4
Let y(l) = 5*l - 12. Determine y(2).
-2
Let w(v) = 2*v**2 + 7*v + 4. Give w(-2).
-2
Let j(g) = -g**3 - 18*g**2 + 17*g - 35. What is j(-19)?
3
Let f(m) = m**2 - 65*m + 376. Calculate f(7).
-30
Let v(y) = y**2 + 2. Calculate v(-3).
11
Let w(i) = -10*i - 26. Give w(-5).
24
Let b(h) = -26*h - 358. What is b(-14)?
6
Let z(m) = -m**2 + 8*m - 6. Give z(7).
1
Let a(d) = d**3 - 12*d**2 + 24*d + 8. Give a(10).
48
Let y(v) = 18*v**3 - 3*v**2 + 5*v - 4. Calculate y(1).
16
Let y(g) = -2*g - 8. What is y(-18)?
28
Let s(x) = x**3 - 10*x**2 + 9*x - 6. Calculate s(9).
-6
Let n(g) = -2*g**3 - 15*g**2 + 3*g + 6. Give n(-8).
46
Let d(i) = 2*i**3 + 4*i**2 - 1. Give d(-3).
-19
Let m(o) = -27*o - 45. What is m(-4)?
63
Let k(g) = 3*g**2 + 3*g - 3. Give k(-3).
15
Let x(u) = 3*u**2 + 39*u - 39. Give x(-14).
3
Let i(f) = 59*f - 883. Determine i(15).
2
Let m(k) = 7*k**2 + 2*k. Give m(3).
69
Let v(t) = t**2 + 48*t - 45. Determine v(-49).
4
Let m(n) = -2*n**2 + 2*n - 6. Determine m(-3).
-30
Let h(j) = -j**2 + 50*j - 1. Calculate h(50).
-1
Let b(p) = 3*p**3 + 21*p**2 + 7*p - 9. Give b(-6).
57
Let z(p) = p - 9. What is z(-10)?
-19
Let i(g) = -g**2 + 7*g + 3. Give i(4).
15
Let v(l) = -17*l**2 + 2*l. Give v(-2).
-72
Let h(d) = 3*d**2 - d - 2. Determine h(3).
22
Let t(l) = -l**3 - 4*l**2 - l + 4. What is t(-3)?
-2
Let g(k) = -5*k - 47. What is g(-8)?
-7
Let d(f) = -f**3 + 5*f**2 - 10*f + 41. Determine d(5).
-9
Let p(t) = -t**3 - 15*t**2 - 3*t - 10. Determine p(-15).
35
Let z(u) = -5*u**2 + 10*u - 10. What is z(4)?
-50
Let d(z) = 15*z - 18. What is d(5)?
57
Let k(h) = h - 8. Determine k(9).
1
Let u(s) = -12*s + 102. Give u(9).
-6
Let a(b) = b**3 + 5*b**2 + 6*b + 7. Give a(-3).
7
Let j(z) = z**3 + 4*z**2 - 18*z - 62. What is j(-5)?
3
Let q(u) = 3*u - 17. Calculate q(4).
-5
Let v(d) = d - 2. Determine v(9).
7
Let h(l) = 12*l - 4. Calculate h(0).
-4
Let f(u) = 11*u - 114. Determine f(18).
84
Let o(s) = -12*s + 1. Calculate o(1).
-11
Let z(d) = d**2 + 34*d + 38. Determine z(-33).
5
Let b(w) = w - 17. Calculate b(8).
-9
Let b(h) = h**3 + 9*h**2 + h - 13. Give b(-6).
89
Let d(v) = -v**2 - 6*v - 4. Give d(-4).
4
Let v(f) = -f**2 - 5*f - 10. Calculate v(-4).
-6
Let n(v) = 8*v + 11. Give n(-6).
-37
Let v(h) = -11*h**2 + 44*h - 2. Determine v(4).
-2
Let j(z) = -z**2 + 15*z - 31. Give j(13).
-5
Let s(q) = -q**3 + 10*q**2 + 2*q - 2. Give s(10).
18
Let v(y) = y**3 + y - 48. Calculate v(0).
-48
Let r(j) = j**2 + 28*j + 186. Calculate r(-18).
6
Let a(r) = -4*r - 4. What is a(1)?
-8
Let r(z) = z**3 + 9*z**2 + 7*z - 8. Calculate r(-2).
6
Let x(t) = -2*t - 2. What is x(-5)?
8
Let t(l) = l - 67. What is t(62)?
-5
Let j(n) = -5*n + 5. Calculate j(3).
-10
Let s(n) = 8*n + 12. Give s(-2).
-4
Let d(a) = -a**2 - 7*a - 9. Give d(-8).
-17
Let n(a) = -2*a + 64. Determine n(27).
10
Let y(w) = 19*w**2 - 2. Calculate y(-2).
74
Let y(x) = x**2 + 2*x + 42. Give y(0).
42
Let k(b) = -b - 2. Determine k(5).
-7
Let w(x) = -x - 5. Calculate w(-4).
-1
Let p(g) = g**3 - 15*g**2 - 26*g + 55. Calculate p(16).
-105
Let m(d) = -d**3 + 2*d**2 + 1. What is m(4)?
-31
Let a(y) = 32*y + 111. Give a(-4).
-17
Let f(j) = j**3 + 8*j**2 - 2. Give f(-8).
-2
Let a(u) = -u**3 + 10*u**2 - 3*u + 54. Give a(10).
24
Let h(o) = -9*o - 70. What is h(-9)?
11
Let d(s) = -s**2 + 15*s + 8. Determine d(14).
22
Let i(k) = -k**2 - 32*k + 78. What is i(-34)?
10
Let o(w) = 2*w**2 + 3*w - 19. Determine o(-3).
-10
Let i(o) = 49*o + 290. Give i(-6).
-4
Let n(o) = -o**2 + 13*o - 12. Give n(9).
24
Let k(u) = 10*u**2 - 5*u - 2. Determine k(-1).
13
Let f(r) = r**3 + 11*r**2 + r + 15. Give f(-9).
168
Let q(f) = 6*f + 81. Give q(-17).
-21
Let d(l) = 4*l + 110. Give d(-28).
-2
Let r(y) = -y**2 + 9*y - 11. Give r(5).
9
Let h(k) = 2*k**2 + 6*k + 9. Give h(-6).
45
Let i(w) = 59*w**2 - 295*w. What is i(5)?
0
Let j(k) = 2*k**3 - 18*k**2. Determine j(9).
0
Let l(t) = t + 22. Determine l(-17).
5
Let j(w) = -5*w**2 + 20*w + 6. Calculate j(4).
6
Let j(n) = 3*n + 7. Give j(-13).
-32
Let v(b) = 3*b**2 + 7*b + 6. Determine v(-4).
26
Let d(q) = -2*q**3 - 29*q**2 + 13*q - 3. Give d(-15).
27
Let x(j) = j**3 + 6*j**2 + 6*j - 1. Give x(-5).
-6
Let o(m) = 15*m. Calculate o(1).
15
Let t(o) = -o**3 + 9*o**2 - 2*o + 3. What is t(8)?
51
Let m(y) = y**2 - 6*y + 8. Give m(5).
3
Let x(o) = -o**2 - 18*o - 13. Calculate x(-15).
32
Let c(u) = u**2 - 42*u + 441. Calculate c(20).
1
Let n(r) = 2*r**2 + 15*r + 4. Give n(-7).
-3
Let q(a) = -a**2 - 32*a - 87. What is q(-29)?
0
Let y(z) = 14*z + 28. Determine y(8).
140
Let q(z) = 2*z - 1. Calculate q(5).
9
Let v(i) = i**3 - 6*i**2 + 7*i - 6. Give v(4).
-10
Let o(v) = 5*v + 25. Determine o(-6).
-5
Let v(j) = j**2 - 5*j - 8. What is v(7)?
6
Let s(r) = r**3 - 14*r**2 + 7*r + 46. Give s(13).
-32
Let l(h) = h - 4. Calculate l(2).
-2
Let v(f) = -f**3 - 6*f**2 - 5*f. Give v(-4).
-12
Let t(p) = -p + 1. Determine t(1).
0
Let o(s) = -12*s + 12. Determine o(4).
-36
Let q(n) = 3*n - 14. Give q(12).
22
Let m(f) = -f**2 - 7*f + 8. Calculate m(1).
0
Let s(q) = 25*q - 609. What is s(25)?
16
Let q(d) = d**3 - 11*d**2 - 11*d - 13. Calculate q(12).
-1
Let i(d) = -d**2 + 21*d + 266. What is i(30)?
-4
Let w(k) = k + 4. What is w(-10)?
-6
Let t(n) = -2*n - 7. Determine t(6).
-19
Let r(a) = -a**3 - a**2 + 6*a + 3. Give r(-3).
3
Let n(g) = -g**2 + 9*g - 1. Determine n(6).
17
Let l(k) = 53*k + 364. What is l(-7)?
-7
Let w(s) = -2*s**3 - 8*s**2 - 15*s. What is w(-4)?
60
Let u(j) = 2*j**3 - 1. Calculate u(2).
15
Let j(s) = -4*s - 1. Calculate j(4).
-17
Let v(k) = 9*k + 17. Determine v(-2).
-1
Let x(i) = -2*i**3 - 22*i**2 - 4*i - 30. What is x(-11)?
14
Let n(f) = f**2 + 7*f - 2. What is n(-8)?
6
Let n(m) = 4*m**3 + 5*m**2 - 3. Determine n(-2).
-15
Let o(j) = -6*j + 1. Give o(5).
-29
Let h(l) = -17*l**2. What is h(-1)?
-17
Let f(m) = -m + 27. What is f(8)?
19
Let s(j) = j**2 + 48*j + 323. Determine s(-40).
3
Let n(u) = -2*u + 30. Calcu